e units digit of g?
6
Suppose j + 3 - 8 = 0. Suppose j*k + 2*p = 178 + 57, 141 = 3*k - 4*p. Suppose t - k = -14. What is the units digit of t?
3
Suppose -4*v + 154 = -14. Suppose -2*p = -v - 10. Suppose -2 = 4*l - p. What is the units digit of l?
6
Let b be (6 - (4 - 1))/(9/(-6)). Suppose s + 9 = -4*t, 5*s = 4*s - 1. What is the units digit of 1/(t*b/16)?
4
Let a(v) = -2*v**3 + 2*v**2 + 539. What is the hundreds digit of a(0)?
5
Let r(d) = 16*d**2 + 24*d - 420. What is the hundreds digit of r(17)?
6
Suppose -88*v + 87*v + 572 = 0. What is the units digit of v?
2
Suppose 7 = 3*l - 5. Suppose -5*y = -l - 21. Suppose -y*i + u + 251 = 0, -4*i = -5*u + 23 - 207. What is the tens digit of i?
5
Let g(k) = -2*k**3 - 5*k**2 + 25*k - 13. What is the tens digit of g(-8)?
9
Suppose 5*u - m = -3*m + 8047, 2*m + 8043 = 5*u. What is the hundreds digit of u?
6
Let k = 8 - 6. Let c(w) = -w - w - w + k*w. What is the units digit of c(-3)?
3
Let y(m) = -5*m + 0*m**2 + 16*m - 9*m + 3*m**2. What is the tens digit of y(-3)?
2
Let x(j) = -j**3 - 15*j**2 - 19*j - 9. Suppose g = -5*d - 30 - 41, -4*g + 24 = -2*d. What is the units digit of x(d)?
1
Let t be -3 - 2/6*-3. What is the tens digit of t + (-32)/(-14) - 5130/(-126)?
4
Let y = 5 - 0. Let v = y + -8. What is the units digit of 36/6*(-8)/v?
6
Suppose 0 = -4*g - 0 + 4. What is the hundreds digit of (271 - g) + 15 + -18?
2
Let q be 3/(-9)*(-3)/1. Suppose -3*m - q + 10 = 0. Suppose m*h = -0*h + 48. What is the units digit of h?
6
Suppose 3*w + 1062 = 3*l, 5*w + 78 = 3*l - 980. What is the hundreds digit of l?
3
Let z = 2860 - 531. What is the tens digit of z?
2
Suppose 8290 = 11*v - 8408. What is the hundreds digit of v?
5
Suppose -c + 15 = -t, -2*c = t + 3*t - 12. Suppose 5*i - 41 = 4*f, -3*i + c + 11 = -2*f. Let w = i - -15. What is the tens digit of w?
2
Suppose 26*i = 24*i + 3*a + 1754, 0 = 3*a - 6. What is the units digit of i?
0
Suppose 0 = 3*g - 4*p - 3581, 5*g + 7*p - 4*p = 5949. What is the tens digit of g?
9
Let l(t) = -t**2 - 5*t + 5. Let w be l(-5). Suppose 0 = -2*x + 5*q + 159 - 40, -2*q + 254 = w*x. What is the units digit of x?
2
Let j be ((-4)/(-2))/((-10)/(-135)). Suppose 4*f + j = f. What is the units digit of f/(39/(-30) - -1)?
0
Suppose -1518 = -5*w + 3*t + 1898, -15 = -5*t. What is the hundreds digit of w?
6
Let g(y) be the third derivative of 131*y**6/120 + y**3/3 + 19*y**2. What is the hundreds digit of g(1)?
1
Let n = -77 - -293. What is the tens digit of n?
1
Let o(f) = -9 + 2*f - 3 + 10. Let v(p) = -p. Let s(i) = o(i) - 2*v(i). What is the units digit of s(2)?
6
Let d be (-2)/(0 + 2/(-61)). Suppose 1869 = 68*i + 373. Let l = d - i. What is the units digit of l?
9
Suppose 2*n = -2, -3*t = -5*t + 5*n + 9. Suppose t*b - 15 = -b. Let k(z) = 2*z**2 - 2*z - 6. What is the units digit of k(b)?
4
Let h(i) = 14*i**2 + 4 - 8*i**2 - 5*i**2 + 2*i. Let p(d) = -2*d + 2. Let v be p(3). What is the tens digit of h(v)?
1
Suppose -w + 2*r + 2*r + 322 = 0, 2*w - 2*r - 614 = 0. What is the tens digit of w?
0
Let g(x) = 9*x**2 - 2*x - 2. Let h be g(2). Suppose -j + h + 8 = 0. Let n = j + -14. What is the tens digit of n?
2
Suppose 4*u - 2*n = u + 24, -n = -5*u + 33. Suppose 0 = 2*j - m + u, -4*m + 8 = -2*j - 2*m. Let d = j - -6. What is the units digit of d?
4
Let a(b) = -2*b**3 + 16*b**2 + 3*b - 14. Let v be a(8). What is the hundreds digit of (v/(-2))/5*-298?
2
Let c(r) be the second derivative of r**6/360 + r**5/120 + r**4/2 + r**3/6 + 2*r. Let a(w) be the second derivative of c(w). What is the tens digit of a(0)?
1
Suppose 2*z + 1 = -9. Let t be -1 - -2*z/(-2). Suppose m = 2*i - 29, -16 - 18 = -2*i - t*m. What is the tens digit of i?
1
Suppose b = 2*c + 271, 4*b + 176 = -c + 1260. What is the hundreds digit of b?
2
Suppose 7*u = 2*u. Suppose -q + a + 15 = u, -2*a - 6 + 0 = 0. Let f = q + -5. What is the units digit of f?
7
Let a(p) = -3*p - 8. Let v be a(-4). Suppose -4*m - v = -32. What is the units digit of m?
7
Let z(s) = 75*s**3 - 6*s**2 + 4. What is the units digit of z(2)?
0
Let o = -21 - -34. Suppose 7 + o = 2*j. Suppose -3*u + 17 = -j. What is the units digit of u?
9
Let d = -16 + 118. Suppose n = d + 78. Suppose b = -2*b + n. What is the tens digit of b?
6
Let h = -26 + 24. Let b be 8 + 1 + h/1. Suppose b*s = 3*s + 44. What is the units digit of s?
1
Let f = 586 + -290. What is the units digit of f?
6
Let u(s) = 2*s**2 - 7*s - 3. Suppose 17 - 5 = 3*i. What is the units digit of u(i)?
1
Suppose 2*v + 2*n = 3*v - 539, 0 = 4*v - 3*n - 2151. What is the hundreds digit of v?
5
Suppose -3*h - 5442 = -3*m, -11*m - 5*h - 7259 = -15*m. What is the tens digit of m?
1
Suppose 2507 = -8*o + 6587. What is the hundreds digit of o?
5
Let t be (60/70)/((-4)/(-14)). Suppose -t*k - 138 = -5*k. What is the units digit of k?
9
Suppose 205*a - 198*a - 952 = 0. What is the units digit of a?
6
Let f(s) = -211*s**2 + 2*s + 2. Let b(u) = 316*u**2 - 3*u - 3. Let i(p) = 5*b(p) + 7*f(p). Let r be i(-1). Suppose -5*k + r = 18. What is the units digit of k?
7
Let s(j) = 3*j**3 + 13*j**2 + 6*j + 6. Suppose l = -3*l - 16. Let t(c) = -c**3 - 6*c**2 - 3*c - 3. Let u(b) = l*s(b) - 9*t(b). What is the units digit of u(-2)?
9
Let r be (45 + (-1 - 0))/(1/1). Suppose 0 = -v - 2*d + r, -d - 2*d = v - 49. What is the tens digit of v?
3
Let p = -46 + 60. What is the hundreds digit of 78/(((-6)/p)/(16/(-28)))?
1
Suppose -2*p + 6698 = 5*g, -9*g - p = -5*g - 5359. What is the hundreds digit of g?
3
Let x(u) = -u**2 - 5*u + 5. Let t be x(3). Let q = -14 - t. Suppose -114 = 3*c - q*c. What is the tens digit of c?
5
Let h = -23 + 27. Suppose 30 + 82 = -h*w. Let y = w - -52. What is the units digit of y?
4
What is the units digit of ((-115)/7 - -1)/((-3)/182)?
6
Suppose p + 3 = -3*k + 13, 0 = -2*k + 5*p + 35. Let g = k + -3. Suppose 0 = 3*z + 4*s + s - 35, -g*s = 3*z - 50. What is the tens digit of z?
2
Suppose -8*d = -741 + 2549. Let f = d - -328. What is the tens digit of f?
0
Suppose 13 = 2*r + 3. Suppose -r*m = -7*m + 118. What is the units digit of m?
9
Let m(b) = -28*b + 902. What is the tens digit of m(26)?
7
Let r = 2593 + 1527. What is the thousands digit of r?
4
Let k be (22/2)/(((-15)/24)/(-5)). Suppose -158 = -k*d + 87*d. What is the hundreds digit of d?
1
Let a(g) = 2 - 2*g + 9*g**2 - 3*g**2 + 5*g - 5*g**2. What is the tens digit of a(5)?
4
Let m = -10 - -10. Suppose 6*g - 2*g = 3*a + 202, -a - 2 = m. What is the tens digit of g?
4
Suppose -5*a + 8*w = 4*w - 210, 4*w = 3*a - 134. Let o = 3 - -2. Suppose -5*v = -4*b - 137, 2*v - a = -o*b + b. What is the units digit of v?
5
Suppose 0 = -y + 100 - 11. Suppose 5*j = -5*u + 125 - 25, -5*j - y = -4*u. What is the tens digit of u?
2
Suppose 0 = 9*y - 199 + 73. What is the units digit of y?
4
Let c(i) = 71*i**2 - 17*i - 34. What is the tens digit of c(-5)?
2
Let r = 9 + 0. Let h(s) = 10 + 4 - 10 + r*s. What is the units digit of h(5)?
9
Let o(s) = -s**3 + 7*s**2 + 9*s - 5. Let u be o(8). Suppose -g + 7 = 4*h, -u*h + 0*h = -4*g + 9. Suppose -h = 3*x - 43. What is the units digit of x?
4
Let y(q) = 1444*q**2 + 3*q + 1. What is the units digit of y(1)?
8
Let z be (-7 - -10) + (-8)/1. Let p(m) = m**3 + 4*m**2 + 2*m + 4. Let x be p(z). What is the tens digit of (-2)/(2/x)*1?
3
Suppose -4*m - 2 = -5*n, 2*n + 3 = 5*m - 3. What is the units digit of -2*1/n - (-3 - -1)?
1
What is the hundreds digit of 145/29 + (-281)/(-1)?
2
Let g(d) = 3 - d + 4*d - 5*d - d. Let b be g(4). Let a = 19 + b. What is the units digit of a?
0
Suppose 90*p + 2997 = 93*p. What is the units digit of p?
9
Let j(t) = 1172*t**3 + 2*t**2 - 3*t + 1. What is the tens digit of j(1)?
7
Suppose 0 = -5*m - 5, -4*o + 0*m - 2 = 2*m. Suppose o = -5*x + 3*x + 350. Suppose -5*k - s + x = 4*s, 3*s = 4*k - 168. What is the units digit of k?
9
Let h be (393/(-6))/((-7)/70). Let c = h + -364. What is the tens digit of c?
9
What is the hundreds digit of 14396/295*(-1 - -16)?
7
Suppose 22 = -m + 26. Suppose -m*s = 3*s - 378. What is the tens digit of s?
5
Let m be (1 - -4 - 3)*4*-1. What is the tens digit of (-4)/(m/(-286))*-1?
4
Let u(c) = c - 4. Let m be u(-8). Suppose -2*x = 2*v, 4 - 2 = 3*v + 2*x. What is the tens digit of v/6 - 344/m?
2
Let h = 9759 + -3850. What is the hundreds digit of h?
9
Let n be (-4)/((-2)/1) + -54. Let b = -34 -